?
True
Is 35527033 a composite number?
True
Is 1607747 a composite number?
False
Is 585952451 prime?
False
Is 464999239 composite?
True
Is 3595001 composite?
False
Is 1465331 composite?
True
Is 9375017 composite?
False
Is 39480593 a prime number?
True
Is 2725561 a prime number?
True
Is 16128719 composite?
True
Is 139563071 prime?
False
Is 14346754 prime?
False
Is 1451237 a prime number?
True
Is 109799 a composite number?
True
Is 12883223 a composite number?
False
Is 7575049 composite?
False
Is 119439481 composite?
True
Is 5892563 prime?
False
Is 358106467 prime?
True
Is 6830201 a composite number?
True
Is 171977231 prime?
True
Is 258892923 a composite number?
True
Is 29621789 a prime number?
False
Is 7926343 composite?
False
Is 2252801 a prime number?
False
Is 553355249 composite?
False
Is 2531069 prime?
True
Is 4661477 a composite number?
False
Is 5762357 a composite number?
True
Is 37420343 a prime number?
True
Is 6316757 prime?
True
Is 387911 a composite number?
False
Is 293015137 a composite number?
False
Is 25859101 a prime number?
True
Is 11725073 a prime number?
True
Is 24082241 prime?
False
Is 272317 composite?
False
Is 3306103 a prime number?
False
Is 1477597 composite?
True
Is 36090433 composite?
False
Is 353097251 a composite number?
True
Is 740487487 prime?
True
Is 146900801 prime?
True
Is 9466049 composite?
True
Is 2386369 a prime number?
True
Is 4178827 a composite number?
False
Is 908217551 a composite number?
False
Is 15050447 a composite number?
False
Is 18646327 prime?
False
Is 17947569 prime?
False
Is 2910419 a composite number?
False
Is 10600111 prime?
False
Is 15117133 a prime number?
True
Is 16347751 a prime number?
False
Is 11335547 a prime number?
False
Is 4980583 a composite number?
False
Is 40204591 a prime number?
False
Is 12491971 prime?
True
Is 2587285 prime?
False
Is 10608247 composite?
True
Is 2749083 composite?
True
Is 50756909 composite?
True
Is 3650939 a composite number?
False
Is 6195083 composite?
True
Is 64187689 a composite number?
False
Is 390098867 prime?
False
Is 46122941 composite?
False
Is 6160027 a prime number?
True
Is 15547055 composite?
True
Is 4919148691 prime?
True
Is 899123 prime?
True
Is 4344227 composite?
False
Is 71595877 prime?
False
Is 40585301 a prime number?
False
Is 11238133 a prime number?
True
Is 2124299 a composite number?
False
Is 4393127 prime?
True
Is 36712223 composite?
False
Is 222589589 prime?
False
Is 25153177 prime?
False
Is 5695439 a composite number?
False
Is 39868249 a prime number?
True
Is 19143139 composite?
True
Is 262297577 a composite number?
False
Is 7931017 prime?
True
Is 176421979 prime?
True
Is 186969049 a composite number?
False
Is 952043231 prime?
False
Is 528373 composite?
False
Is 843757 prime?
True
Is 789253 a composite number?
True
Is 236959859 a composite number?
False
Is 64267781 a prime number?
False
Is 147988249 prime?
True
Is 5042735 a prime number?
False
Is 581993941 a prime number?
False
Is 33941035 composite?
True
Is 69509749 composite?
True
Is 6947693 composite?
False
Is 5788499 prime?
True
Is 10987957 composite?
False
Is 5023751 prime?
True
Is 1750104487 prime?
True
Is 28548187 a prime number?
True
Is 361149251 a composite number?
False
Is 105167533 prime?
False
Is 1535069 composite?
False
Is 5401763 prime?
True
Is 68021717 a composite number?
True
Is 6712903 composite?
False
Is 274773251 composite?
False
Is 197135863 prime?
True
Is 152154049 a composite number?
False
Is 57802679 prime?
False
Is 4411559 a composite number?
True
Is 23144507 a prime number?
False
Is 33624145 a composite number?
True
Is 2953463 composite?
True
Is 490483657 prime?
True
Is 595039345 composite?
True
Is 5108267 a composite number?
False
Is 140008711 a composite number?
True
Is 75401965 prime?
False
Is 60437 prime?
False
Is 2212019 a composite number?
True
Is 183210218 prime?
False
Is 16436521 composite?
False
Is 124427 a prime number?
True
Is 21564991 a composite number?
True
Is 89683511 a composite number?
False
Is 409813 composite?
False
Is 162694547 composite?
True
Is 19855427 a composite number?
False
Is 4893611 composite?
True
Is 391819037 composite?
False
Is 162002 composite?
True
Is 380228743 composite?
False
Is 3799481 prime?
False
Is 34756349 composite?
False
Is 11261869 a prime number?
True
Is 3071591 a prime number?
False
Is 149399021 a composite number?
False
Is 5510753 prime?
True
Is 56744191 prime?
False
Is 3297281 prime?
False
Is 8311393 prime?
True
Is 9033746 a prime number?
False
Is 4833698 a composite number?
True
Is 67923467 a prime number?
False
Is 1687897 composite?
True
Is 26273309 a prime number?
True
Is 1602871 prime?
False
Is 28946497 a prime number?
True
Is 3095123 a composite number?
False
Is 14409103 a prime number?
False
Is 357336951 prime?
False
Is 50859803 a composite number?
True
Is 3510673 composite?
False
Is 3794591 a prime number?
False
Is 3540829 a composite number?
False
Is 24221381 composite?
True
Is 13050533 a prime number?
True
Is 5289223 composite?
True
Is 4083419 composite?
False
Is 181022203 composite?
False
Is 112488641 prime?
True
Is 248026637 prime?
True
Is 20354722 a composite number?
True
Is 183527 composite?
False
Is 6574033 prime?
True
Is 1345753 a composite number?
True
Is 18846197 composite?
True
Is 7624829 a prime number?
True
Is 146290619 a prime number?
False
Is 672506713 prime?
False
Is 5695229 prime?
True
Is 4411241 a prime number?
False
Is 18438977 a prime number?
True
Is 272714614 prime?
False
Is 7220617 a prime number?
False
Is 308355821 a prime number?
True
Is 167020853 a prime number?
True
Is 63330446 prime?
False
Is 2568977 a prime number?
False
Is 1351307 a prime number?
False
Is 2325691 a composite number?
True
Is 362801261 a prime number?
True
Is 14740933 prime?
True
Is 33481883 prime?
True
Is 130520887 a prime number?
False
Is 1634393 composite?
False
Is 223972571 composite?
True
Is 51966503 a composite number?
False
Is 8122213 a composite number?
True
Is 51324811 a prime number?
True
Is 6304489 prime?
False
Is 3252719 composite?
True
Is 8821633 a composite number?
False
Is 19170023 a composite number?
False
Is 353607919 prime?
False
Is 27298771 a composite number?
True
Is 54469 a composite number?
False
Is 275668727 composite?
False
Is 53893691 prime?
True
Is 6979927 prime?
False
Is 241616343 composite?
True
Is 3257411 prime?
False
Is 5489833 prime?
False
Is 326573371 a composite number?
False
Is 588295 a composite number?
True
Is 11286273 composite?
True
Is 51581735 a composite number?
True
Is 11346227 prime?
True
Is 2027458 a composite number?
True
Is 10678183 prime?
True
Is 795071 prime?
True
Is 745409 prime?
False
Is 23044243 composite?
False
Is 25006165 composite?
True
Is 50469323 composite?
True
Is 4956313 a prime number?
True
Is 423007759 a composite number?
True
Is 24452947 a composite number?
False
Is 1710953 composite?
False
Is 75463177 composite?
False
Is 36622153 a composite number?
True
Is 43837349 prime?
False
Is 109749071 a composite number?
False
Is 166877651 a composite number?
False
Is 16316339 composite?
True
Is 230964829 composite?
True
Is 56273 composite?
True
Is 1204097 composite?
False
Is 5093887 composite?
False
Is 268536574 a composite number?
True
Is 5420029 prime?
True
Is 9460543 composite?
False
Is 7378333 a composite number?
False
Is 188750827 a composite number?
False
Is 1565969 composite?
False
Is 239081 a prime number?
True
Is 6910285 a prime number?
False
Is 129326479 a composite number?
False
Is 54180539 prime?
False
Is 638819 prime?
True
Is 45665627 a prime number?
False
Is 6384373 prime?
False
Is 4718557 composite?
False
Is 2452159 composite?
True
Is 20283113 prime?
True
Is 3394403 composite?
False
Is 42257627 a prime number?
True
Is 688091 composite?
True
Is 1373294771 composite?
False
Is 43376783 a composite number?
False
Is 77440217 composite?
True
Is 254131 a composite number?
True
Is 19836413 a prime number?
False
Is 50757659 a prime number?
False
Is 758837 a prime number?
True
Is 29390533 prime?
True
Is 20194571 composite?
False
Is 490367 a prime number?
True
Is 7192847 a composite number?
False
Is 166457 a prime number?
True
Is 823117 a composite number?
False
Is 34383373 a composite number?
False
Is 2651549 composite?
False
Is 7083331 prime?
True
Is 9948641